5 + 4 + -20 + 14?
16
What is -36 - (-22 + -5 + 11)?
-20
Evaluate -2 + (10 - 2) + (-13 - (2 + -10)).
1
What is the value of -992 + 1000 - (1 + (6 - 0))?
1
Calculate 23 + (14 - 13) + -14.
10
What is (9 - 28) + 8 - 12?
-23
What is the value of -11 + 22 + -18 + 13 + -9 - 12?
-15
Evaluate -2 + -11 + (41 - 59 - -7).
-24
Calculate 17 - ((-13 - -19) + 11).
0
Evaluate (-23 - -1 - 1) + (93 - 85).
-15
What is -2 + 1 + -4 + (-86 - -93)?
2
-10 - (-50 + 5 + 4 - (-6 - -1))
26
-29 + 35 + (0 - -5)
11
What is the value of -2 - -4 - -2 - (13 + -7 + 9)?
-11
What is the value of 93 + -105 + (1 - 2) + 0?
-13
(-32 - (-39 + 26)) + (-1 - -3 - -1)
-16
Calculate 2 + 0 - (-185 - -184).
3
Calculate -13 + (-7 - (2 + -13)) - -37.
28
(5 - (11 + -11)) + 23 + -4 + 3
27
Evaluate -18 + (28 - (-1 + 7)).
4
What is -19 - (-6 - (17 - (-6 + 18)))?
-8
What is (16 - (-14 + 9)) + (-5 - 0) + 7?
23
What is the value of -16 + 2 + 2 - (-41 - (9 - 58))?
-20
What is the value of 0 + 0 + -2 + 1 + (5 - -1)?
5
What is (22 - 24) + (0 - (-1 - (2 + -6)))?
-5
Calculate -7 + -4 + (-7 - (-7 + -8)).
-3
Calculate 1 + (4 - (6 + -8 + 0 - -9)).
-2
-20 + -4 + 16 + -24
-32
-10 - (2 + 7 + -15 - 15)
11
What is the value of 2 + -8 + 0 - (1 + -2 - -7)?
-12
What is the value of -20 + (0 - (6 + -9) - -4)?
-13
Calculate -7 + 1 - (-10 - (-7 - 5)).
-8
Calculate -16 + 24 + -8 - 0.
0
What is 0 - 0 - (19 - 0 - 26)?
7
What is 22 + (-17 - -48) + -30?
23
Calculate 0 - -1 - (51 - 42) - -8.
0
Calculate 0 + -23 - (-244 - -215).
6
What is the value of (-4 - 2) + (-2 - -1) + (10 - -9)?
12
What is the value of 3 + (21 + -9 - -2)?
17
What is 10 - ((293 - 284) + -3 + -1)?
5
What is the value of (3 - (-4 + 1)) + (6 + -8 - 9)?
-5
-3 - (-11 - -17 - (-5 - -12))
-2
What is 4 + -6 - (-6 + 3 + 15)?
-14
What is -7 - -1 - ((-24 - -34) + (-2 - 13))?
-1
What is the value of -1 - (-13 - (-1 - (-13 + -3 + 7)))?
20
Evaluate -26 - (-6 + -6 + 14 + -10).
-18
What is the value of (-3 - -1) + (-27 - -16 - -18) + -13?
-8
(-2 - 10) + 6 + -1
-7
What is 3 - (-3 + -4 + 8 + 7)?
-5
What is the value of 8 - (-12 + 13 + 4 + -3)?
6
What is the value of (-7 - (5 + 1)) + -9 + -4?
-26
What is the value of 18 + (-7 - (1 + (15 - 6)))?
1
What is (-13 - (-6 + 3)) + (20 - 14)?
-4
What is (-8 + 3 - (-12 - -8)) + (6 - 22)?
-17
What is -18 + (25 - 18 - (-6 - 4))?
-1
Evaluate 10 - (10 - -3) - -1.
-2
What is the value of 2 + -8 - (1 - (-4 - -41 - -4))?
34
What is -23 - 9 - -31 - 21?
-22
What is 0 - (3 - -8) - 12 - -7?
-16
What is the value of (12 - -13 - (-3 - -15)) + -21?
-8
What is the value of (37 + -3 - (8 + 0 + -2)) + -4?
24
What is 4 - (1 - -17) - (-3 - 0)?
-11
3 - (9 + -9 + 16)
-13
Evaluate 22 - (22 - (-12 - -23)).
11
-2 - (3 + (17 - 13))
-9
-1703 + 1682 + (20 - -1)
0
Evaluate (-14 - (-5 - 7)) + 0 + -1.
-3
What is the value of ((2 - -2) + -8 - -4) + -26 + 29?
3
What is the value of 11 + 1 + -3 + -18 - -24?
15
What is 10 + (-13 - -7) + -7 - (7 + -1)?
-9
Evaluate 32 + -25 - ((-2 - -6) + -5 + 5).
3
Evaluate 4 - (12 + (-19 - -1) - -5).
5
What is (-3 + 9 - 13) + 17 + 0 + 5?
15
Calculate -33 - (-16 + -14) - (-1 - 8).
6
Evaluate 15 + (14 - 7) + -14.
8
What is the value of -13 + -18 - (-3 + -8)?
-20
What is (-5 - -1) + -1 - 3 - 27?
-35
What is -14 + 15 + -10 + (-1 - (4 - 5))?
-9
Calculate (-15 + (4 + -8 - -6) - -7) + 7.
1
What is (-2 - 0 - (33 - 39)) + -11?
-7
19 - (14 - (50 - 33))
22
What is (-5 - 2) + (4 - -1) + 11?
9
Calculate -72 + 48 + (5 + 1 - (-22 + 22)).
-18
-10 + -10 + 25 + (-2 + 10 - -4)
17
-6 - 5 - -9 - (-1 - 2 - -5)
-4
What is 5 - (-7 + 9) - 0 - -4?
7
What is the value of 23 - -4 - (-10 + -8 + 11 + 15)?
19
What is (-15 - 0) + -139 + 151 + -3?
-6
What is (-2 - -2) + (8 - 15) + -15 + 7?
-15
(-3 - ((7 - 7) + -7)) + (-7 - 10)
-13
-3 + (-4 - 1 - -5) + -3 + 6
0
What is -5 - 1 - (2 + -2 + 4)?
-10
5 + 0 + -5 + 11 + -4 + -3
4
What is (34 - (13 - -14)) + -1 + 0 + -2?
4
What is the value of (6 - 16) + 15 + 4?
9
What is (10 + -5 - 7) + 0 + 12?
10
Calculate 11 + (23 - 22 - (4 + -2)).
10
Evaluate -3 + (11 - -1) + (-17 - -9 - -8).
9
Evaluate (-10 - -56 - 37) + 0 + -9.
0
8 + -27 + (9 - (-2 + 4)) + 6
-6
Calculate -2 + -1 + 9 - (-12 - (-16 - 1)).
1
What is 1 + -5 + 0 + 112 + -119?
-11
What is 2 + -2 - 1 - (130 + -136) - 14?
-9
What is the value of (0 - 7 - -13) + -8 + 7?
5
Calculate -2 + (3 + (-4 - -21) - 6).
12
What is the value of -16 - (-15 - 0) - 3?
-4
Evaluate -15 - (-13 - (10 + 0 + -13) - -20).
-25
(2 - 8) + 7 - 0
1
Calculate (34 - (25 + -10)) + -16.
3
What is -18 + -3 - (-34 + 72 + -23)?
-36
What is the value of (-8 - -9) + 3 - -21 - 4?
21
What is 10 + -25 + 8 + 10?
3
What is (-169 - -157) + (-4 - (-2 - 4))?
-10
Evaluate 8 - (8 + (18 - -1) + -9).
-10
Calculate -418 - -411 - (4 + 0).
-11
What is the value of (-18 - -38) + (-1 - 19)?
0
What is -12 - (-23 - -32 - (1 - -5))?
-15
What is (12 - 56) + 24 - 7?
-27
Calculate (23 - -1 - 3) + -35.
-14
-1 - (6 + (43 + -34 - (1 - -4)))
-11
-4 + 2 + (-1 - (20 + -26))
3
(0 - (0 - 0) - 8) + 5 + -8
-11
1 - -3 - (20 - 24) - (-14 - -7)
15
What is 20 + (37 - 27 - (5 + -1 - 1))?
27
What is -135 + 71 - -33 - (-8 + 0 + 2)?
-25
Evaluate (-2 - (4 + 3)) + (0 - (-7 + 18)).
-20
What is the value of -4 + 0 - ((-6 - (14 - -1)) + -18)?
35
Evaluate 17 + -13 - (-4 - -4 - 1 - -6).
-1
Calculate (-517 - -505) + 33 + 1.
22
What is -12 - -1 - (-16 + (-27 - -54))?
-22
1812 + -1773 - (16 - 1)
24
75 + -74 - (-5 + (1 - -14))
-9
What is the value of 0 - ((5 - -4 - 1) + (-1 - 1))?
-6
Calculate 11 + (-23 - (-2 + -18 + 9)).
-1
Evaluate (10 - 0) + (197 - 221).
-14
Calculate (-16 - -10) + 0 + 6 + -3.
-3
What is -34 - (-38 - -9) - -39?
34
2 - -17 - (-4 - -5) - (-2 - -9)
11
Calculate 6 + -1 + 2 - 6.
1
Calculate 8 - 7 - (1 - 1) - 3.
-2
-5 - (14 + 9 - 26)
-2
Evaluate (-23 - -7) + 5 + 9 + -6 - -28.
20
Calculate -5 + 4 - -3 - (5 + 14 - 4).
-13
14 + 7 - (43 - 28)
6
-2 + -4 - (-87 - -73)
8
Calculate (14 - (16 + -2)) + 11.
11
Evaluate -131 - -130 - (1 - 4 - (3 - 2)).
3
What is (-4 + -1 + 13 - 19) + 15?
4
What is -1 + 7 - (-21 - (-14 - 15))?
-2
What is the value of (43 - 34) + -2 + 10 - (-8 + -2)?
27
What is the value of -2 + -3 - (1 + -15 + 18)?
-9
Calculate (10 - 15 - -9) + -5.
-1
What is the value of (20 - 0) + (-5 + 1 - (-4 - -5))?
15
3 + -26 + 23 + (1 - -20) - 6
15
What is the value of (1 + 7 - (0 - -9)) + 2 - 11?
-10
What is the value of 5 - (23 + (-53 - -13) - (-9 + -1))?
12
What is 34 - (-1 + -21 + 24)?
32
What is 27 + -18 + 1 + -2 + -3?
5
Evaluate 19 - 14 - (14 - 13 - (18 + 0)).
22
-17 + 7 + 3 - (21 - 1)
-27
Calculate -7 - (-36 - -36) - -26.
19
What is the value of -12 + -3 - (6 - 36)?
15
Calculate (1 - (1 + (1 - 2))) + 0.
1
Calculate 538 + -555 + 3 + -2 + 11.
-5
Evaluate -5 - ((10 - 9 - 9) + 4 + -1).
0
7 + -1 + -3 - (17 + -4 + -6)
-4
Calculate (-2 + 4 - 12) + 9 + 1.
0
What is 14 - (70 + -76 + (1 - 2))?
21
What is -4 - (-5 + (6 - -2) + 4) - 1?
-12
Evaluate -2 + (12 - 16 - -11).
5
(-5 - (12 + -11) - -8) + -8 - -19
13
What is -4 - 3 - (1 + 3)?
-11
What is the value of 80 + -93 - (-1 + -28)?
16
Calculate (-2 - (-2 + -3) - 5) + (-9 - -19).
8
What is the value of -6 + 7 + 2 + -1?
2
Calculate -12 + 32 + -12 - (23 + -1 + 3).
-17
Evaluate -3 + -11 + 6 - 6 - 1.
-15
358 + -359 + (1 - -7 - 1)
6
Evaluate 22 + (10 - -4) + -39.
-3
Evaluate -1 + 1 + -6 + (56 - (17 + 44)).
-11
-12 - (-4 - -16) - -15
-9
Calculate (-23 - (-17 - 10)) + -1.
3
Calculate (-13 - (9 + -16)) + -8 - 11.
-25
Evaluate 36 + -19 + -7 - 21.
-11
-4 - -3 - 13 - -6
-8
(-5 - (1 - 11)) + (-9 - -11) - 8
-1
Calculate 11 - 3 - (17 + -5).
-4
Evaluate 7 - (9 + 6 + -22 + 0).
14
What is the value of (6 - -18 - 1) + -53?
-30
Calculate (32 - 39) + 10 + 1 + -1.
3
What is (564 - 518) + (-12 - -1)?
35
Calculate -6 + -24 + 17 - -3.
-10
What is 3 + -16 - (-37 + 30) - -4?
-2
What is -5 + (-1 - (2 + 2) - (3 - 5))?
-8
What is the value of 7 + -7 + 11 + (10 - -7 - 9)?
19
Calculate 14 - 21 - (1 - 4) - (-3 + 5).
-6
What is the value of -6 + 1 + (21 - 7 - (-7 + 6))?
10
(-9 - (-37 + 29)) + -9 + 0
-10
What is the value of 8 + (3 - -6 - (15 - -15))?
-13
Evaluate (-2 - (3 - (-3 - -7))) + -4.
-5
What is (0 - -42) + -24 - -15?
33
What is the value of 6 + 1 + -6 + 17?
18
Evaluate 5 + 6 + -7 + (2 - -9).
15
Evaluate 1 - (-17 - -4) - (167 - 150).
-3
Evaluate (1 - (-1 - -2) - -10) + -122 + 124.
12
What is the value of -2605 + 2578 + (1 - 4)?
-30
-1